{"id":17545,"date":"2024-02-16T15:33:11","date_gmt":"2024-02-16T13:33:11","guid":{"rendered":"https:\/\/academy.police.md\/?page_id=17545"},"modified":"2024-02-16T16:21:30","modified_gmt":"2024-02-16T14:21:30","slug":"descriere-succinta-a-structurii-de-autoguvernanta-studenteasca","status":"publish","type":"page","link":"https:\/\/www.academy.police.md\/gb\/studenti\/descriere-succinta-a-structurii-de-autoguvernanta-studenteasca","title":{"rendered":"Descriere succint\u0103 a Structurii de autoguvernan\u021b\u0103 studen\u021beasc\u0103"},"content":{"rendered":"\n<p>\u00cen scopul democratiz\u0103rii continue a vie\u0163ii universitare, respect\u0103rii drepturilor studen\u0163ilor, implic\u0103rii active \u015fi constructive a acestora \u00een procesul educa\u0163ional \u015fi \u00een guvernarea institu\u0163iei de \u00eenv\u0103\u0163\u0103m\u00e2nt, \u00een Academia \u201e\u0218tefan cel Mare\u201d a MAI sunt instituite structuri de autoguvernare studen\u0163easc\u0103 (SAS):<\/p>\n\n\n\n<ul><li>Senatul Studen\u0163esc<\/li><li>Consiliul studen\u021besc al facult\u0103\u021bii<\/li><\/ul>\n\n\n\n<p><strong>Senatul Studen\u0163esc<\/strong> este&nbsp; organul reprezentativ al studen\u0163ilor Academiei, \u00eenfiin\u021bat la ini\u021biativa unui grup de studen\u021bi ai Academiei.<\/p>\n\n\n\n<p>Organiza\u021bia este un r\u0103spuns la nevoia studen\u021bilor Academiei de a se asocia \u00een vederea cre\u0103rii condi\u021biilor favorabile pentru dezvoltarea personal\u0103 \u0219i implicarea \u00een diverse ini\u021biative civice orientate c\u0103tre solu\u021bionarea problemelor cu care se confrunt\u0103 tinerii \u00een RM.<\/p>\n\n\n\n<p>Organiza\u021bia reprezint\u0103 cadrul organizatoric \u0219i administrativ pentru dezvoltarea \u0219i implementarea de proiecte orientate spre combinarea studiilor de la facultate cu noi oportunit\u0103\u021bi de dezvoltare a actualilor \u0219i viitorilor studen\u021bi ai Academiei.<\/p>\n\n\n\n<p>Activit\u0103\u021bile desf\u0103\u0219urate de asocia\u021bie sunt orientate spre crearea unei comunit\u0103\u021bi de studen\u021bi pro-activi, preocupa\u021bi at\u00e2t de dezvoltarea personal\u0103 c\u00e2t \u0219i de problemele social-economice ale \u021b\u0103rii.<\/p>\n\n\n\n<p>Profesionalismul \u015fi entuziasmul membrilor asocia\u021biei sunt capabile s\u0103 aduc\u0103 un plus de valoare mediului economic din \u021bar\u0103.<\/p>\n\n\n\n<p>Num\u0103rul de studen\u021bi implica\u021bi \u00een organiza\u021bia studen\u021beasc\u0103: 21 membri activi din cadrul Facult\u0103\u021bii Drept, administra\u021bie, ordine \u0219i securitate public\u0103 a Academiei \u201e\u0218tefan cel Mare\u201d a MAI.<\/p>\n\n\n\n<p><strong>Consiliul studen\u0163esc<\/strong> al facult\u0103\u0163ii este organul reprezentativ al studen\u0163ilor de la Facultatea Drept, administra\u021bie, ordine \u0219i securitate public\u0103.<\/p>\n\n\n\n<p>Consiliul studen\u0163esc al facult\u0103\u0163ii promoveaz\u0103 ac\u021biuni precum: cooperarea cu conducerea Facult\u0103\u0163ii, Administra\u0163ia Academiei, ONG\u2013uri, monitorizarea reu\u0219itei academice \u0219i frecven\u021bei sistematice a studen\u021bilor, coordonarea activit\u0103\u0163ilor studen\u0163e\u015fti desf\u0103\u015furate la Facultate etc.<\/p>\n","protected":false},"excerpt":{"rendered":"<p>\u00cen scopul democratiz\u0103rii continue a vie\u0163ii universitare, respect\u0103rii drepturilor studen\u0163ilor, implic\u0103rii active \u015fi constructive a acestora \u00een procesul educa\u0163ional \u015fi \u00een guvernarea institu\u0163iei de \u00eenv\u0103\u0163\u0103m\u00e2nt, \u00een Academia \u201e\u0218tefan cel Mare\u201d [&hellip;]<\/p>\n","protected":false},"author":8,"featured_media":0,"parent":5689,"menu_order":0,"comment_status":"closed","ping_status":"closed","template":"","meta":[],"translation":{"provider":"WPGlobus","version":"2.12.2","language":"gb","enabled_languages":["ro","gb"],"languages":{"ro":{"title":true,"content":true,"excerpt":false},"gb":{"title":false,"content":false,"excerpt":false}}},"acf":[],"_links":{"self":[{"href":"https:\/\/www.academy.police.md\/gb\/wp-json\/wp\/v2\/pages\/17545"}],"collection":[{"href":"https:\/\/www.academy.police.md\/gb\/wp-json\/wp\/v2\/pages"}],"about":[{"href":"https:\/\/www.academy.police.md\/gb\/wp-json\/wp\/v2\/types\/page"}],"author":[{"embeddable":true,"href":"https:\/\/www.academy.police.md\/gb\/wp-json\/wp\/v2\/users\/8"}],"replies":[{"embeddable":true,"href":"https:\/\/www.academy.police.md\/gb\/wp-json\/wp\/v2\/comments?post=17545"}],"version-history":[{"count":2,"href":"https:\/\/www.academy.police.md\/gb\/wp-json\/wp\/v2\/pages\/17545\/revisions"}],"predecessor-version":[{"id":17572,"href":"https:\/\/www.academy.police.md\/gb\/wp-json\/wp\/v2\/pages\/17545\/revisions\/17572"}],"up":[{"embeddable":true,"href":"https:\/\/www.academy.police.md\/gb\/wp-json\/wp\/v2\/pages\/5689"}],"wp:attachment":[{"href":"https:\/\/www.academy.police.md\/gb\/wp-json\/wp\/v2\/media?parent=17545"}],"curies":[{"name":"wp","href":"https:\/\/api.w.org\/{rel}","templated":true}]}}

Descriere succintă a Structurii de autoguvernanță studențească

<p>În scopul democratizării continue a vieţii universitare, respectării drepturilor studenţilor, implicării active şi constructive a acestora în procesul educaţional şi în guvernarea instituţiei de învăţământ, în Academia „Ștefan cel Mare” a MAI sunt instituite structuri de autoguvernare studenţească (SAS):</p>



<ul><li>Senatul Studenţesc</li><li>Consiliul studențesc al facultății</li></ul>



<p><strong>Senatul Studenţesc</strong> este&nbsp; organul reprezentativ al studenţilor Academiei, înființat la inițiativa unui grup de studenți ai Academiei.</p>



<p>Organizația este un răspuns la nevoia studenților Academiei de a se asocia în vederea creării condițiilor favorabile pentru dezvoltarea personală și implicarea în diverse inițiative civice orientate către soluționarea problemelor cu care se confruntă tinerii în RM.</p>



<p>Organizația reprezintă cadrul organizatoric și administrativ pentru dezvoltarea și implementarea de proiecte orientate spre combinarea studiilor de la facultate cu noi oportunități de dezvoltare a actualilor și viitorilor studenți ai Academiei.</p>



<p>Activitățile desfășurate de asociație sunt orientate spre crearea unei comunități de studenți pro-activi, preocupați atât de dezvoltarea personală cât și de problemele social-economice ale țării.</p>



<p>Profesionalismul şi entuziasmul membrilor asociației sunt capabile să aducă un plus de valoare mediului economic din țară.</p>



<p>Numărul de studenți implicați în organizația studențească: 21 membri activi din cadrul Facultății Drept, administrație, ordine și securitate publică a Academiei „Ștefan cel Mare” a MAI.</p>



<p><strong>Consiliul studenţesc</strong> al facultăţii este organul reprezentativ al studenţilor de la Facultatea Drept, administrație, ordine și securitate publică.</p>



<p>Consiliul studenţesc al facultăţii promovează acțiuni precum: cooperarea cu conducerea Facultăţii, Administraţia Academiei, ONG–uri, monitorizarea reușitei academice și frecvenței sistematice a studenților, coordonarea activităţilor studenţeşti desfăşurate la Facultate etc.</p>

<p>În scopul democratizării continue a vieţii universitare, respectării drepturilor studenţilor, implicării active şi constructive a acestora în procesul educaţional şi în guvernarea instituţiei de învăţământ, în Academia „Ștefan cel Mare” [&hellip;]</p>
