{"id":27155,"date":"2025-09-05T13:30:01","date_gmt":"2025-09-05T10:30:01","guid":{"rendered":"https:\/\/academy.police.md\/?page_id=27155"},"modified":"2025-09-05T13:40:25","modified_gmt":"2025-09-05T10:40:25","slug":"catedra-securitate-a-frontierei-migratie-si-azil","status":"publish","type":"page","link":"https:\/\/www.academy.police.md\/gb\/catedre\/catedra-securitate-a-frontierei-migratie-si-azil","title":{"rendered":"Catedra securitate a frontierei, migra\u021bie \u0219i azil"},"content":{"rendered":"\n<p><strong><a href=\"https:\/\/academy.police.md\/catedre\/catedra-securitate-a-frontierei-migratie-si-azil\/scurt-istoric-al-catedrei-securitate-a-frontierei-migratie-si-azil\" data-type=\"URL\" data-id=\"https:\/\/academy.police.md\/catedre\/catedra-securitate-a-frontierei-migratie-si-azil\/scurt-istoric-al-catedrei-securitate-a-frontierei-migratie-si-azil\">Scurt istoric<\/a><\/strong><\/p>\n\n\n\n<p><strong><a href=\"https:\/\/academy.police.md\/catedre\/catedra-securitate-a-frontierei-migratie-si-azil\/prezentarea-generala-a-catedrei-securitate-a-frontierei-migratie-si-azil\" data-type=\"URL\" data-id=\"https:\/\/academy.police.md\/catedre\/catedra-securitate-a-frontierei-migratie-si-azil\/prezentarea-generala-a-catedrei-securitate-a-frontierei-migratie-si-azil\">Prezentarea general\u0103<\/a><\/strong><\/p>\n\n\n\n<p><strong><a href=\"https:\/\/academy.police.md\/catedre\/catedra-securitate-a-frontierei-migratie-si-azil\/componenta-catedrei-securitate-a-frontierei-migratie-si-azil\" data-type=\"URL\" data-id=\"https:\/\/academy.police.md\/catedre\/catedra-securitate-a-frontierei-migratie-si-azil\/componenta-catedrei-securitate-a-frontierei-migratie-si-azil\">Componen\u0163a Catedrei<\/a><\/strong><\/p>\n\n\n\n<p><strong><a href=\"https:\/\/academy.police.md\/catedre\/catedra-securitate-a-frontierei-migratie-si-azil\/laboratorul-cu-tehnica-speciala-din-cadrul-catedrei-securitate-a-frontierei-migratie-si-azil\" data-type=\"URL\" data-id=\"https:\/\/academy.police.md\/catedre\/catedra-securitate-a-frontierei-migratie-si-azil\/laboratorul-cu-tehnica-speciala-din-cadrul-catedrei-securitate-a-frontierei-migratie-si-azil\">Laboratorul cu tehnica special\u0103<\/a><\/strong><\/p>\n\n\n\n<p><strong><a href=\"https:\/\/academy.police.md\/catedre\/catedra-securitate-a-frontierei-migratie-si-azil\/graficul-zilelor-de-consultatii\" data-type=\"URL\" data-id=\"https:\/\/academy.police.md\/catedre\/catedra-securitate-a-frontierei-migratie-si-azil\/graficul-zilelor-de-consultatii\">Graficul zilelor de consulta\u0163ii pentru anul universitar 2025-2026<\/a><\/strong><\/p>\n","protected":false},"excerpt":{"rendered":"<p>Scurt istoric Prezentarea general\u0103 Componen\u0163a Catedrei Laboratorul cu tehnica special\u0103 Graficul zilelor de consulta\u0163ii pentru anul universitar 2025-2026<\/p>\n","protected":false},"author":8,"featured_media":0,"parent":117,"menu_order":0,"comment_status":"closed","ping_status":"closed","template":"","meta":[],"translation":{"provider":"WPGlobus","version":"2.12.2","language":"gb","enabled_languages":["ro","gb"],"languages":{"ro":{"title":true,"content":true,"excerpt":false},"gb":{"title":false,"content":false,"excerpt":false}}},"acf":[],"_links":{"self":[{"href":"https:\/\/www.academy.police.md\/gb\/wp-json\/wp\/v2\/pages\/27155"}],"collection":[{"href":"https:\/\/www.academy.police.md\/gb\/wp-json\/wp\/v2\/pages"}],"about":[{"href":"https:\/\/www.academy.police.md\/gb\/wp-json\/wp\/v2\/types\/page"}],"author":[{"embeddable":true,"href":"https:\/\/www.academy.police.md\/gb\/wp-json\/wp\/v2\/users\/8"}],"replies":[{"embeddable":true,"href":"https:\/\/www.academy.police.md\/gb\/wp-json\/wp\/v2\/comments?post=27155"}],"version-history":[{"count":7,"href":"https:\/\/www.academy.police.md\/gb\/wp-json\/wp\/v2\/pages\/27155\/revisions"}],"predecessor-version":[{"id":27173,"href":"https:\/\/www.academy.police.md\/gb\/wp-json\/wp\/v2\/pages\/27155\/revisions\/27173"}],"up":[{"embeddable":true,"href":"https:\/\/www.academy.police.md\/gb\/wp-json\/wp\/v2\/pages\/117"}],"wp:attachment":[{"href":"https:\/\/www.academy.police.md\/gb\/wp-json\/wp\/v2\/media?parent=27155"}],"curies":[{"name":"wp","href":"https:\/\/api.w.org\/{rel}","templated":true}]}}

Catedra securitate a frontierei, migrație și azil

<p><strong><a href="https://academy.police.md/catedre/catedra-securitate-a-frontierei-migratie-si-azil/scurt-istoric-al-catedrei-securitate-a-frontierei-migratie-si-azil" data-type="URL" data-id="https://academy.police.md/catedre/catedra-securitate-a-frontierei-migratie-si-azil/scurt-istoric-al-catedrei-securitate-a-frontierei-migratie-si-azil">Scurt istoric</a></strong></p>



<p><strong><a href="https://academy.police.md/catedre/catedra-securitate-a-frontierei-migratie-si-azil/prezentarea-generala-a-catedrei-securitate-a-frontierei-migratie-si-azil" data-type="URL" data-id="https://academy.police.md/catedre/catedra-securitate-a-frontierei-migratie-si-azil/prezentarea-generala-a-catedrei-securitate-a-frontierei-migratie-si-azil">Prezentarea generală</a></strong></p>



<p><strong><a href="https://academy.police.md/catedre/catedra-securitate-a-frontierei-migratie-si-azil/componenta-catedrei-securitate-a-frontierei-migratie-si-azil" data-type="URL" data-id="https://academy.police.md/catedre/catedra-securitate-a-frontierei-migratie-si-azil/componenta-catedrei-securitate-a-frontierei-migratie-si-azil">Componenţa Catedrei</a></strong></p>



<p><strong><a href="https://academy.police.md/catedre/catedra-securitate-a-frontierei-migratie-si-azil/laboratorul-cu-tehnica-speciala-din-cadrul-catedrei-securitate-a-frontierei-migratie-si-azil" data-type="URL" data-id="https://academy.police.md/catedre/catedra-securitate-a-frontierei-migratie-si-azil/laboratorul-cu-tehnica-speciala-din-cadrul-catedrei-securitate-a-frontierei-migratie-si-azil">Laboratorul cu tehnica specială</a></strong></p>



<p><strong><a href="https://academy.police.md/catedre/catedra-securitate-a-frontierei-migratie-si-azil/graficul-zilelor-de-consultatii" data-type="URL" data-id="https://academy.police.md/catedre/catedra-securitate-a-frontierei-migratie-si-azil/graficul-zilelor-de-consultatii">Graficul zilelor de consultaţii pentru anul universitar 2025-2026</a></strong></p>

<p>Scurt istoric Prezentarea generală Componenţa Catedrei Laboratorul cu tehnica specială Graficul zilelor de consultaţii pentru anul universitar 2025-2026</p>
