{"id":3634,"date":"2021-06-18T13:48:33","date_gmt":"2021-06-18T13:48:33","guid":{"rendered":"http:\/\/academy.police.md\/?page_id=3634"},"modified":"2025-06-03T10:04:24","modified_gmt":"2025-06-03T07:04:24","slug":"programe-de-studii-dcipal","status":"publish","type":"page","link":"https:\/\/www.academy.police.md\/gb\/directia-centrul-integrat-de-pregatire-pentru-aplicarea-legii\/programe-de-studii-dcipal","title":{"rendered":"Programe de studii Direc\u021bia \u201eCIPAL\u201d"},"content":{"rendered":"\n<p><a href=\"\/wp-content\/uploads\/2025\/06\/1_10312.2-Subofiter-SF.pdf\">Program de formare profesional\u0103 tehnic\u0103 secundar\u0103 \u201eSubofi\u021ber \u00een securitatea frontierei\u201d <\/a><\/p>\n\n\n\n<p><a href=\"\/wp-content\/uploads\/2025\/06\/2_10311.1-Subofiter-OPSS.pdf\">Program de formare profesional\u0103 tehnic\u0103 secundar\u0103 \u201eSubofi\u021ber \u00een domeniul ordinii publice \u0219i securit\u0103\u021bii statului\u201d<\/a><\/p>\n\n\n\n<p><a href=\"\/wp-content\/uploads\/2025\/06\/Formare-initiala-subofiteri-2024.pdf\">Program formare ini\u021bial\u0103 subofi\u021beri din cadrul MAI<\/a><\/p>\n\n\n\n<p><a href=\"\/wp-content\/uploads\/2023\/09\/Programa-Activitatea-serviciului-de-garda-si-dispecerat.pdf\">Program Activitatea serviciului de gard\u0103 \u0219i dispecerat<\/a><\/p>\n\n\n\n<p><a href=\"\/wp-content\/uploads\/2023\/09\/Programa-Asigurarea-si-restabilirea-ordinei-publice.pdf\">Program Asigurarea \u0219i restabilirea ordinei publice<\/a><\/p>\n\n\n\n<p><a href=\"\/wp-content\/uploads\/2023\/09\/Programa-Cercetarea-la-fata-locului.pdf\">Program Cercetarea la fa\u021ba locului<\/a><\/p>\n\n\n\n<p><a href=\"\/wp-content\/uploads\/2023\/09\/Programa-Comunicarea-cu-diferite-categorii-de-persoane.pdf\">Program Comunicarea cu diferite categorii de persoane<\/a><\/p>\n\n\n\n<p><a href=\"\/wp-content\/uploads\/2023\/09\/Programa-Conducerea-defensiva-a-mijlocului-de-transport-din-dotare.pdf\">Program Conducerea defensiv\u0103 a mijlocului de transport din dotare<\/a><\/p>\n\n\n\n<p><a href=\"\/wp-content\/uploads\/2023\/09\/Programa-Constatarea-si-documentarea-contraventiilor.pdf\">Program Constatarea \u0219i documentarea contraven\u021biilor<\/a><\/p>\n\n\n\n<p><a href=\"\/wp-content\/uploads\/2023\/09\/Programa-Controlul-emotiilor-in-situatii-de-risc.pdf\">Program Controlul emo\u021biilor \u00een situa\u021bii de risc<\/a><\/p>\n\n\n\n<p><a href=\"\/wp-content\/uploads\/2023\/09\/Programa-Delicventa-juvenila.pdf\">Program delicven\u021ba juvenil\u0103<\/a><\/p>\n\n\n\n<p><a href=\"\/wp-content\/uploads\/2023\/09\/Programa-Integrarea-dimensiunii-de-gen-in-activitatea-MAI.pdf\">Program Integrarea dimensiunii de gen \u00een activitatea MAI<\/a><\/p>\n\n\n\n<p><a href=\"\/wp-content\/uploads\/2023\/09\/Programa-Integritatea-profesionala.pdf\">Program Integritatea profesional\u0103<\/a><\/p>\n\n\n\n<p><a href=\"\/wp-content\/uploads\/2023\/09\/Programa-Interventia-profesionala-monitor.pdf\">Program Interven\u021bia profesional\u0103 (monitor)<\/a><\/p>\n\n\n\n<p><a href=\"\/wp-content\/uploads\/2023\/09\/Programa-Interventia-profesionala-tehnician.pdf\">Program Interven\u021bia profesional\u0103 (tehnician)<\/a><\/p>\n\n\n\n<p><a href=\"\/wp-content\/uploads\/2023\/09\/Programa-Managementul-stresului-ocupational.pdf\">Program Managementul stresului ocupa\u021bional<\/a><\/p>\n\n\n\n<p><a href=\"\/wp-content\/uploads\/2023\/09\/Programa-Prevenirea-si-combaterea-infractiunilor-cibernetice..pdf\">Program Prevenirea \u0219i combaterea infrac\u021biunilor cibernetice.<\/a><\/p>\n\n\n\n<p><a href=\"\/wp-content\/uploads\/2023\/09\/Programa-Prevenirea-si-combaterea-traficului-de-droguri..pdf\">Program Prevenirea \u0219i combaterea traficului de droguri<\/a><\/p>\n\n\n\n<p><a href=\"\/wp-content\/uploads\/2023\/09\/Programa-Tactica-audierii.pdf\">Program Tactica audierii<\/a><\/p>\n\n\n\n<p><a href=\"\/wp-content\/uploads\/2023\/09\/Programa-Tactica-efectuarii-perchezitiilor-si-ridicarii-de-obiecte-si-documente.pdf\">Program Tactica efectu\u0103rii perchezi\u021biilor \u0219i ridic\u0103rii de obiecte \u0219i documente<\/a><\/p>\n\n\n\n<p><a href=\"\/wp-content\/uploads\/2023\/09\/Programa-Violenta-in-familie.pdf\">Program Violen\u021ba \u00een familie<\/a><\/p>\n\n\n\n<p><a href=\"\/wp-content\/uploads\/2025\/06\/program-Acrivitatea-de-patrulare-si-reactionare-operativa.pdf\">Program Activitate de patrulare \u0219i reac\u021bionare operativ\u0103 <\/a><\/p>\n\n\n\n<p><a href=\"\/wp-content\/uploads\/2025\/06\/program-Activitatea-poletieneasca-comunitara.pdf\">Program Activitatea poli\u021bieneasc\u0103 comunitar\u0103<\/a><\/p>\n\n\n\n<p><a href=\"\/wp-content\/uploads\/2025\/06\/program-Inregistrarea-si-evidenta-contraventiilor-si-infractiunilor.pdf\">Program \u00cenregistrarea \u0219i eviden\u021ba contraven\u021biilor \u0219i infrac\u021biunilor<\/a><\/p>\n\n\n\n<p><a href=\"\/wp-content\/uploads\/2025\/06\/program-Protectia-drepturilor-omului.pdf\">Program Protec\u021bia drepturilor omului<\/a><\/p>\n","protected":false},"excerpt":{"rendered":"<p>Program de formare profesional\u0103 tehnic\u0103 secundar\u0103 \u201eSubofi\u021ber \u00een securitatea frontierei\u201d Program de formare profesional\u0103 tehnic\u0103 secundar\u0103 \u201eSubofi\u021ber \u00een domeniul ordinii publice \u0219i securit\u0103\u021bii statului\u201d Program formare ini\u021bial\u0103 subofi\u021beri din cadrul [&hellip;]<\/p>\n","protected":false},"author":10,"featured_media":0,"parent":1395,"menu_order":0,"comment_status":"closed","ping_status":"closed","template":"","meta":[],"translation":{"provider":"WPGlobus","version":"2.12.2","language":"gb","enabled_languages":["ro","gb"],"languages":{"ro":{"title":true,"content":true,"excerpt":false},"gb":{"title":false,"content":false,"excerpt":false}}},"acf":[],"_links":{"self":[{"href":"https:\/\/www.academy.police.md\/gb\/wp-json\/wp\/v2\/pages\/3634"}],"collection":[{"href":"https:\/\/www.academy.police.md\/gb\/wp-json\/wp\/v2\/pages"}],"about":[{"href":"https:\/\/www.academy.police.md\/gb\/wp-json\/wp\/v2\/types\/page"}],"author":[{"embeddable":true,"href":"https:\/\/www.academy.police.md\/gb\/wp-json\/wp\/v2\/users\/10"}],"replies":[{"embeddable":true,"href":"https:\/\/www.academy.police.md\/gb\/wp-json\/wp\/v2\/comments?post=3634"}],"version-history":[{"count":24,"href":"https:\/\/www.academy.police.md\/gb\/wp-json\/wp\/v2\/pages\/3634\/revisions"}],"predecessor-version":[{"id":25725,"href":"https:\/\/www.academy.police.md\/gb\/wp-json\/wp\/v2\/pages\/3634\/revisions\/25725"}],"up":[{"embeddable":true,"href":"https:\/\/www.academy.police.md\/gb\/wp-json\/wp\/v2\/pages\/1395"}],"wp:attachment":[{"href":"https:\/\/www.academy.police.md\/gb\/wp-json\/wp\/v2\/media?parent=3634"}],"curies":[{"name":"wp","href":"https:\/\/api.w.org\/{rel}","templated":true}]}}

Programe de studii Direcția „CIPAL”

<p><a href="/wp-content/uploads/2025/06/1_10312.2-Subofiter-SF.pdf">Program de formare profesională tehnică secundară „Subofițer în securitatea frontierei” </a></p>



<p><a href="/wp-content/uploads/2025/06/2_10311.1-Subofiter-OPSS.pdf">Program de formare profesională tehnică secundară „Subofițer în domeniul ordinii publice și securității statului”</a></p>



<p><a href="/wp-content/uploads/2025/06/Formare-initiala-subofiteri-2024.pdf">Program formare inițială subofițeri din cadrul MAI</a></p>



<p><a href="/wp-content/uploads/2023/09/Programa-Activitatea-serviciului-de-garda-si-dispecerat.pdf">Program Activitatea serviciului de gardă și dispecerat</a></p>



<p><a href="/wp-content/uploads/2023/09/Programa-Asigurarea-si-restabilirea-ordinei-publice.pdf">Program Asigurarea și restabilirea ordinei publice</a></p>



<p><a href="/wp-content/uploads/2023/09/Programa-Cercetarea-la-fata-locului.pdf">Program Cercetarea la fața locului</a></p>



<p><a href="/wp-content/uploads/2023/09/Programa-Comunicarea-cu-diferite-categorii-de-persoane.pdf">Program Comunicarea cu diferite categorii de persoane</a></p>



<p><a href="/wp-content/uploads/2023/09/Programa-Conducerea-defensiva-a-mijlocului-de-transport-din-dotare.pdf">Program Conducerea defensivă a mijlocului de transport din dotare</a></p>



<p><a href="/wp-content/uploads/2023/09/Programa-Constatarea-si-documentarea-contraventiilor.pdf">Program Constatarea și documentarea contravențiilor</a></p>



<p><a href="/wp-content/uploads/2023/09/Programa-Controlul-emotiilor-in-situatii-de-risc.pdf">Program Controlul emoțiilor în situații de risc</a></p>



<p><a href="/wp-content/uploads/2023/09/Programa-Delicventa-juvenila.pdf">Program delicvența juvenilă</a></p>



<p><a href="/wp-content/uploads/2023/09/Programa-Integrarea-dimensiunii-de-gen-in-activitatea-MAI.pdf">Program Integrarea dimensiunii de gen în activitatea MAI</a></p>



<p><a href="/wp-content/uploads/2023/09/Programa-Integritatea-profesionala.pdf">Program Integritatea profesională</a></p>



<p><a href="/wp-content/uploads/2023/09/Programa-Interventia-profesionala-monitor.pdf">Program Intervenția profesională (monitor)</a></p>



<p><a href="/wp-content/uploads/2023/09/Programa-Interventia-profesionala-tehnician.pdf">Program Intervenția profesională (tehnician)</a></p>



<p><a href="/wp-content/uploads/2023/09/Programa-Managementul-stresului-ocupational.pdf">Program Managementul stresului ocupațional</a></p>



<p><a href="/wp-content/uploads/2023/09/Programa-Prevenirea-si-combaterea-infractiunilor-cibernetice..pdf">Program Prevenirea și combaterea infracțiunilor cibernetice.</a></p>



<p><a href="/wp-content/uploads/2023/09/Programa-Prevenirea-si-combaterea-traficului-de-droguri..pdf">Program Prevenirea și combaterea traficului de droguri</a></p>



<p><a href="/wp-content/uploads/2023/09/Programa-Tactica-audierii.pdf">Program Tactica audierii</a></p>



<p><a href="/wp-content/uploads/2023/09/Programa-Tactica-efectuarii-perchezitiilor-si-ridicarii-de-obiecte-si-documente.pdf">Program Tactica efectuării perchezițiilor și ridicării de obiecte și documente</a></p>



<p><a href="/wp-content/uploads/2023/09/Programa-Violenta-in-familie.pdf">Program Violența în familie</a></p>



<p><a href="/wp-content/uploads/2025/06/program-Acrivitatea-de-patrulare-si-reactionare-operativa.pdf">Program Activitate de patrulare și reacționare operativă </a></p>



<p><a href="/wp-content/uploads/2025/06/program-Activitatea-poletieneasca-comunitara.pdf">Program Activitatea polițienească comunitară</a></p>



<p><a href="/wp-content/uploads/2025/06/program-Inregistrarea-si-evidenta-contraventiilor-si-infractiunilor.pdf">Program Înregistrarea și evidența contravențiilor și infracțiunilor</a></p>



<p><a href="/wp-content/uploads/2025/06/program-Protectia-drepturilor-omului.pdf">Program Protecția drepturilor omului</a></p>

<p>Program de formare profesională tehnică secundară „Subofițer în securitatea frontierei” Program de formare profesională tehnică secundară „Subofițer în domeniul ordinii publice și securității statului” Program formare inițială subofițeri din cadrul [&hellip;]</p>
